{"id":121,"date":"2019-03-29T21:05:58","date_gmt":"2019-03-29T21:05:58","guid":{"rendered":"http:\/\/rannu.eelk.ee\/?page_id=121"},"modified":"2019-05-15T20:35:49","modified_gmt":"2019-05-15T20:35:49","slug":"kirikuhoone","status":"publish","type":"page","link":"https:\/\/rannu.eelk.ee\/?page_id=121","title":{"rendered":"Kirikuhoone"},"content":{"rendered":"\t\t<div data-elementor-type=\"wp-post\" data-elementor-id=\"121\" class=\"elementor elementor-121\">\n\t\t\t\t\t\t<section class=\"elementor-section elementor-top-section elementor-element elementor-element-187237b elementor-section-boxed elementor-section-height-default elementor-section-height-default\" data-id=\"187237b\" data-element_type=\"section\">\n\t\t\t\t\t\t<div class=\"elementor-container elementor-column-gap-default\">\n\t\t\t\t\t<div class=\"elementor-column elementor-col-100 elementor-top-column elementor-element elementor-element-e21d0bc\" data-id=\"e21d0bc\" data-element_type=\"column\">\n\t\t\t<div class=\"elementor-widget-wrap elementor-element-populated\">\n\t\t\t\t\t\t<div class=\"elementor-element elementor-element-d005e2c elementor-widget elementor-widget-image\" data-id=\"d005e2c\" data-element_type=\"widget\" data-widget_type=\"image.default\">\n\t\t\t\t<div class=\"elementor-widget-container\">\n\t\t\t\t\t\t\t\t\t\t\t\t\t\t\t<img fetchpriority=\"high\" decoding=\"async\" width=\"1024\" height=\"499\" src=\"https:\/\/rannu.eelk.ee\/wp-content\/uploads\/2019\/04\/talv1_crop-1024x499.jpg\" class=\"attachment-large size-large wp-image-887\" alt=\"\" srcset=\"https:\/\/rannu.eelk.ee\/wp-content\/uploads\/2019\/04\/talv1_crop-1024x499.jpg 1024w, https:\/\/rannu.eelk.ee\/wp-content\/uploads\/2019\/04\/talv1_crop-300x146.jpg 300w, https:\/\/rannu.eelk.ee\/wp-content\/uploads\/2019\/04\/talv1_crop-768x374.jpg 768w\" sizes=\"(max-width: 1024px) 100vw, 1024px\" \/>\t\t\t\t\t\t\t\t\t\t\t\t\t\t\t<\/div>\n\t\t\t\t<\/div>\n\t\t\t\t<div class=\"elementor-element elementor-element-750783e elementor-widget elementor-widget-text-editor\" data-id=\"750783e\" data-element_type=\"widget\" data-widget_type=\"text-editor.default\">\n\t\t\t\t<div class=\"elementor-widget-container\">\n\t\t\t\t\t\t\t\t\t<p>Kiriku hoone on aegade jooksul mitmel korral kannatada saanud, n\u00e4iteks 1627. aastal olid kirikust s\u00e4ilinud vaid v\u00e4lisseinad. Uuesti \u00fcles ehitamisel v\u00f5lvlage taastama ei hakatud, vaid kaeti kirikusaal laudlaega. P\u00f5hjalikud juurdeehitused teostati kirikus 1835. aastal, mil ehitati kirikule ligi 33 meetri k\u00f5rgune torn. \u00dcmberehitusi tehti ka \u00f5petaja Assmuthi ajal, 1876. aastal.\u200b<\/p>\t\t\t\t\t\t\t\t<\/div>\n\t\t\t\t<\/div>\n\t\t\t\t<div class=\"elementor-element elementor-element-323f8dd elementor-arrows-position-inside elementor-widget elementor-widget-image-carousel\" data-id=\"323f8dd\" data-element_type=\"widget\" data-settings=\"{&quot;navigation&quot;:&quot;arrows&quot;,&quot;autoplay&quot;:&quot;no&quot;,&quot;infinite&quot;:&quot;no&quot;,&quot;speed&quot;:500}\" data-widget_type=\"image-carousel.default\">\n\t\t\t\t<div class=\"elementor-widget-container\">\n\t\t\t\t\t\t\t<div class=\"elementor-image-carousel-wrapper swiper\" role=\"region\" aria-roledescription=\"carousel\" aria-label=\"Image Carousel\" dir=\"ltr\">\n\t\t\t<div class=\"elementor-image-carousel swiper-wrapper\" aria-live=\"polite\">\n\t\t\t\t\t\t\t\t<div class=\"swiper-slide\" role=\"group\" aria-roledescription=\"slide\" aria-label=\"1 of 4\"><a data-elementor-open-lightbox=\"yes\" data-elementor-lightbox-slideshow=\"323f8dd\" data-elementor-lightbox-title=\"hoone1\" data-e-action-hash=\"#elementor-action%3Aaction%3Dlightbox%26settings%3DeyJpZCI6ODc4LCJ1cmwiOiJodHRwczpcL1wvcmFubnUuZWVsay5lZVwvd3AtY29udGVudFwvdXBsb2Fkc1wvMjAxOVwvMDRcL0lNR180MzQzLW1pbi5qcGciLCJzbGlkZXNob3ciOiIzMjNmOGRkIn0%3D\" href=\"https:\/\/rannu.eelk.ee\/wp-content\/uploads\/2019\/04\/IMG_4343-min.jpg\"><figure class=\"swiper-slide-inner\"><img decoding=\"async\" class=\"swiper-slide-image\" src=\"https:\/\/rannu.eelk.ee\/wp-content\/uploads\/2019\/04\/IMG_4343-min-768x512.jpg\" alt=\"hoone1\" \/><\/figure><\/a><\/div><div class=\"swiper-slide\" role=\"group\" aria-roledescription=\"slide\" aria-label=\"2 of 4\"><a data-elementor-open-lightbox=\"yes\" data-elementor-lightbox-slideshow=\"323f8dd\" data-elementor-lightbox-title=\"hoone2\" data-e-action-hash=\"#elementor-action%3Aaction%3Dlightbox%26settings%3DeyJpZCI6ODc3LCJ1cmwiOiJodHRwczpcL1wvcmFubnUuZWVsay5lZVwvd3AtY29udGVudFwvdXBsb2Fkc1wvMjAxOVwvMDRcL0lNR180MzI4LW1pbi0xLmpwZyIsInNsaWRlc2hvdyI6IjMyM2Y4ZGQifQ%3D%3D\" href=\"https:\/\/rannu.eelk.ee\/wp-content\/uploads\/2019\/04\/IMG_4328-min-1.jpg\"><figure class=\"swiper-slide-inner\"><img decoding=\"async\" class=\"swiper-slide-image\" src=\"https:\/\/rannu.eelk.ee\/wp-content\/uploads\/2019\/04\/IMG_4328-min-1-768x512.jpg\" alt=\"hoone2\" \/><\/figure><\/a><\/div><div class=\"swiper-slide\" role=\"group\" aria-roledescription=\"slide\" aria-label=\"3 of 4\"><a data-elementor-open-lightbox=\"yes\" data-elementor-lightbox-slideshow=\"323f8dd\" data-elementor-lightbox-title=\"hoone3\" data-e-action-hash=\"#elementor-action%3Aaction%3Dlightbox%26settings%3DeyJpZCI6NDM0LCJ1cmwiOiJodHRwczpcL1wvcmFubnUuZWVsay5lZVwvd3AtY29udGVudFwvdXBsb2Fkc1wvMjAxOVwvMDRcL2tpcmlrX2t5bGpldmFhZGUtbWluLmpwZyIsInNsaWRlc2hvdyI6IjMyM2Y4ZGQifQ%3D%3D\" href=\"https:\/\/rannu.eelk.ee\/wp-content\/uploads\/2019\/04\/kirik_kyljevaade-min.jpg\"><figure class=\"swiper-slide-inner\"><img decoding=\"async\" class=\"swiper-slide-image\" src=\"https:\/\/rannu.eelk.ee\/wp-content\/uploads\/2019\/04\/kirik_kyljevaade-min-768x512.jpg\" alt=\"hoone3\" \/><\/figure><\/a><\/div><div class=\"swiper-slide\" role=\"group\" aria-roledescription=\"slide\" aria-label=\"4 of 4\"><a data-elementor-open-lightbox=\"yes\" data-elementor-lightbox-slideshow=\"323f8dd\" data-elementor-lightbox-title=\"hoone4\" data-e-action-hash=\"#elementor-action%3Aaction%3Dlightbox%26settings%3DeyJpZCI6NDQ3LCJ1cmwiOiJodHRwczpcL1wvcmFubnUuZWVsay5lZVwvd3AtY29udGVudFwvdXBsb2Fkc1wvMjAxOVwvMDRcL0lNR180MzIyLW1pbi5qcGciLCJzbGlkZXNob3ciOiIzMjNmOGRkIn0%3D\" href=\"https:\/\/rannu.eelk.ee\/wp-content\/uploads\/2019\/04\/IMG_4322-min.jpg\"><figure class=\"swiper-slide-inner\"><img decoding=\"async\" class=\"swiper-slide-image\" src=\"https:\/\/rannu.eelk.ee\/wp-content\/uploads\/2019\/04\/IMG_4322-min-768x512.jpg\" alt=\"hoone4\" \/><\/figure><\/a><\/div>\t\t\t<\/div>\n\t\t\t\t\t\t\t\t\t\t\t\t<div class=\"elementor-swiper-button elementor-swiper-button-prev\" role=\"button\" tabindex=\"0\">\n\t\t\t\t\t\t<i aria-hidden=\"true\" class=\"eicon-chevron-left\"><\/i>\t\t\t\t\t<\/div>\n\t\t\t\t\t<div class=\"elementor-swiper-button elementor-swiper-button-next\" role=\"button\" tabindex=\"0\">\n\t\t\t\t\t\t<i aria-hidden=\"true\" class=\"eicon-chevron-right\"><\/i>\t\t\t\t\t<\/div>\n\t\t\t\t\n\t\t\t\t\t\t\t\t\t<\/div>\n\t\t\t\t\t\t<\/div>\n\t\t\t\t<\/div>\n\t\t\t\t<div class=\"elementor-element elementor-element-6ccc8b2 elementor-widget elementor-widget-text-editor\" data-id=\"6ccc8b2\" data-element_type=\"widget\" data-widget_type=\"text-editor.default\">\n\t\t\t\t<div class=\"elementor-widget-container\">\n\t\t\t\t\t\t\t\t\t<p>Altar on gooti stiilis, valmistatud Tartus tislermeister Bandelier\u2019 t\u00f6\u00f6kojas 1890. aastal. Altarimaali on samal aastal maalinud kunstnik R. von zur M\u00fchlen ja sellel kujutatakse Kristust ristil koos taganutjatega.<\/p><p>Vanematest esemetest v\u00f5ib nimetada veel puust rahapakku, mille kaanelt v\u00f5ime lugeda daatumit 1755.<\/p><p>\u00dcks kroonl\u00fchtritest on annetatud Rootsi kuninga Karl XII ajal, sellel on annetuse aastaarvuks 1699. Elektrivalgustuse sai kirik 1937. aastal.<\/p><p>Orel on ehitatud 1906. aastal vendade Kriisade poolt, oreli prospekt on samuti pseudogooti stiilis.<\/p>\t\t\t\t\t\t\t\t<\/div>\n\t\t\t\t<\/div>\n\t\t\t\t\t<\/div>\n\t\t<\/div>\n\t\t\t\t\t<\/div>\n\t\t<\/section>\n\t\t\t\t<section class=\"elementor-section elementor-top-section elementor-element elementor-element-744f463 elementor-section-boxed elementor-section-height-default elementor-section-height-default\" data-id=\"744f463\" data-element_type=\"section\" data-settings=\"{&quot;background_background&quot;:&quot;classic&quot;}\">\n\t\t\t\t\t\t<div class=\"elementor-container elementor-column-gap-default\">\n\t\t\t\t\t<div class=\"elementor-column elementor-col-100 elementor-top-column elementor-element elementor-element-c4a21e3\" data-id=\"c4a21e3\" data-element_type=\"column\">\n\t\t\t<div class=\"elementor-widget-wrap elementor-element-populated\">\n\t\t\t\t\t\t<div class=\"elementor-element elementor-element-7106b7a elementor-invisible elementor-widget elementor-widget-heading\" data-id=\"7106b7a\" data-element_type=\"widget\" data-settings=\"{&quot;_animation&quot;:&quot;fadeInUp&quot;}\" data-widget_type=\"heading.default\">\n\t\t\t\t<div class=\"elementor-widget-container\">\n\t\t\t\t\t<h2 class=\"elementor-heading-title elementor-size-default\">Torni tipus asuv tornikukk on sinna paigutatud 19. sajandil, samuti p\u00e4rinevad sellest ajast ka \u00fclej\u00e4\u00e4nud kroonl\u00fchtrid ja altariesemed \u2013 k\u00fc\u00fcnlajalad, krutsifiks ning armulauariistad.<\/h2>\t\t\t\t<\/div>\n\t\t\t\t<\/div>\n\t\t\t\t\t<\/div>\n\t\t<\/div>\n\t\t\t\t\t<\/div>\n\t\t<\/section>\n\t\t\t\t<section class=\"elementor-section elementor-top-section elementor-element elementor-element-c66be1a elementor-section-boxed elementor-section-height-default elementor-section-height-default\" data-id=\"c66be1a\" data-element_type=\"section\">\n\t\t\t\t\t\t<div class=\"elementor-container elementor-column-gap-default\">\n\t\t\t\t\t<div class=\"elementor-column elementor-col-100 elementor-top-column elementor-element elementor-element-c32aa0d\" data-id=\"c32aa0d\" data-element_type=\"column\">\n\t\t\t<div class=\"elementor-widget-wrap elementor-element-populated\">\n\t\t\t\t\t\t<div class=\"elementor-element elementor-element-d847f1e elementor-widget elementor-widget-spacer\" data-id=\"d847f1e\" data-element_type=\"widget\" data-widget_type=\"spacer.default\">\n\t\t\t\t<div class=\"elementor-widget-container\">\n\t\t\t\t\t\t\t<div class=\"elementor-spacer\">\n\t\t\t<div class=\"elementor-spacer-inner\"><\/div>\n\t\t<\/div>\n\t\t\t\t\t\t<\/div>\n\t\t\t\t<\/div>\n\t\t\t\t<div class=\"elementor-element elementor-element-41a0eec elementor-widget elementor-widget-testimonial\" data-id=\"41a0eec\" data-element_type=\"widget\" data-widget_type=\"testimonial.default\">\n\t\t\t\t<div class=\"elementor-widget-container\">\n\t\t\t\t\t\t\t<div class=\"elementor-testimonial-wrapper\">\n\t\t\t\t\t\t\t<div class=\"elementor-testimonial-content\">Kirik remonditi t\u00e4ielikult 1991. aastal (uus katus, lagi ja p\u00f5rand ning elektris\u00fcsteem, \u00fcle v\u00e4rvitud seinad, interj\u00f6\u00f6r) ja on heas korras.<\/div>\n\t\t\t\n\t\t\t\t\t<\/div>\n\t\t\t\t\t\t<\/div>\n\t\t\t\t<\/div>\n\t\t\t\t<div class=\"elementor-element elementor-element-5d64f1d elementor-widget elementor-widget-eael-feature-list\" data-id=\"5d64f1d\" data-element_type=\"widget\" data-widget_type=\"eael-feature-list.default\">\n\t\t\t\t<div class=\"elementor-widget-container\">\n\t\t\t\t\t\t\t<div class=\"-icon-position-left -tablet-icon-position-left -mobile-icon-position-left\">\n\t\t\t<ul id=\"eael-feature-list-5d64f1d\" class=\"eael-feature-list-items circle stacked  eael-feature-list-vertical\" data-layout-tablet=\"vertical\" data-layout-mobile=\"vertical\">\n\t\t\t                <li class=\"eael-feature-list-item elementor-repeater-item-cb5d609\">\n                    \n\t\t\t\t\t\t<div class=\"eael-feature-list-icon-box\">\n\t\t\t\t\t\t\t<div class=\"eael-feature-list-icon-inner\">\n\n\t\t\t\t\t\t\t\t<span class=\"eael-feature-list-icon fl-icon-0\">\n\n\t\t<i class=\"fa fa-check\" aria-hidden=\"true\"><\/i>\t\t\t\t\t\t\t\t<\/span>\n\t\t\t\t\t\t\t<\/div>\n\t\t\t\t\t\t<\/div>\n\t\t\t\t\t\t<div class=\"eael-feature-list-content-box\">\n                            <h5 class=\"eael-feature-list-title\">1991-1993<\/h5>\t\t\t\t\t\t<p class=\"eael-feature-list-content\">Leidis aset kirikuaia suurkorrastus, v\u00e4rava remont ja uue raudkivim\u00fc\u00fcri rajamine.<\/p>\n\t\t\t\t\t\t<\/div>\n\n\t\t\t\t\t<\/li>\n\t\t\t\t                <li class=\"eael-feature-list-item elementor-repeater-item-56cf318\">\n                    \n\t\t\t\t\t\t<div class=\"eael-feature-list-icon-box\">\n\t\t\t\t\t\t\t<div class=\"eael-feature-list-icon-inner\">\n\n\t\t\t\t\t\t\t\t<span class=\"eael-feature-list-icon fl-icon-1\">\n\n\t\t<i class=\"fa fa-check\" aria-hidden=\"true\"><\/i>\t\t\t\t\t\t\t\t<\/span>\n\t\t\t\t\t\t\t<\/div>\n\t\t\t\t\t\t<\/div>\n\t\t\t\t\t\t<div class=\"eael-feature-list-content-box\">\n                            <h5 class=\"eael-feature-list-title\">1994<\/h5>\t\t\t\t\t\t<p class=\"eael-feature-list-content\">Puhastati ja seati rahuldavasse m\u00e4ngukorda orel.<\/p>\n\t\t\t\t\t\t<\/div>\n\n\t\t\t\t\t<\/li>\n\t\t\t\t                <li class=\"eael-feature-list-item elementor-repeater-item-b3f0405\">\n                    \n\t\t\t\t\t\t<div class=\"eael-feature-list-icon-box\">\n\t\t\t\t\t\t\t<div class=\"eael-feature-list-icon-inner\">\n\n\t\t\t\t\t\t\t\t<span class=\"eael-feature-list-icon fl-icon-2\">\n\n\t\t<i class=\"fa fa-check\" aria-hidden=\"true\"><\/i>\t\t\t\t\t\t\t\t<\/span>\n\t\t\t\t\t\t\t<\/div>\n\t\t\t\t\t\t<\/div>\n\t\t\t\t\t\t<div class=\"eael-feature-list-content-box\">\n                            <h5 class=\"eael-feature-list-title\">1995<\/h5>\t\t\t\t\t\t<p class=\"eael-feature-list-content\"> Remonditi kooriruumist paremal asuv \u201cluukamber\u201d soojustatud talvekirikuks.<\/p>\n\t\t\t\t\t\t<\/div>\n\n\t\t\t\t\t<\/li>\n\t\t\t\t                <li class=\"eael-feature-list-item elementor-repeater-item-22e0a49\">\n                    \n\t\t\t\t\t\t<div class=\"eael-feature-list-icon-box\">\n\t\t\t\t\t\t\t<div class=\"eael-feature-list-icon-inner\">\n\n\t\t\t\t\t\t\t\t<span class=\"eael-feature-list-icon fl-icon-3\">\n\n\t\t<i class=\"fa fa-check\" aria-hidden=\"true\"><\/i>\t\t\t\t\t\t\t\t<\/span>\n\t\t\t\t\t\t\t<\/div>\n\t\t\t\t\t\t<\/div>\n\t\t\t\t\t\t<div class=\"eael-feature-list-content-box\">\n                            <h5 class=\"eael-feature-list-title\">1996<\/h5>\t\t\t\t\t\t<p class=\"eael-feature-list-content\">Sisustati talvekirik ja v\u00e4rviti \u00fcle kiriku p\u00f5rand.<\/p>\n\t\t\t\t\t\t<\/div>\n\n\t\t\t\t\t<\/li>\n\t\t\t\t                <li class=\"eael-feature-list-item elementor-repeater-item-7828f21\">\n                    \n\t\t\t\t\t\t<div class=\"eael-feature-list-icon-box\">\n\t\t\t\t\t\t\t<div class=\"eael-feature-list-icon-inner\">\n\n\t\t\t\t\t\t\t\t<span class=\"eael-feature-list-icon fl-icon-4\">\n\n\t\t<i class=\"fa fa-check\" aria-hidden=\"true\"><\/i>\t\t\t\t\t\t\t\t<\/span>\n\t\t\t\t\t\t\t<\/div>\n\t\t\t\t\t\t<\/div>\n\t\t\t\t\t\t<div class=\"eael-feature-list-content-box\">\n                            <h5 class=\"eael-feature-list-title\">2004<\/h5>\t\t\t\t\t\t<p class=\"eael-feature-list-content\">Restaureeriti kiriku uksed ja aknad koos vitraa\u017eidega.<\/p>\n\t\t\t\t\t\t<\/div>\n\n\t\t\t\t\t<\/li>\n\t\t\t\t\t\t\t<\/ul>\n\t\t<\/div>\n\t\t\t\t\t\t<\/div>\n\t\t\t\t<\/div>\n\t\t\t\t\t<\/div>\n\t\t<\/div>\n\t\t\t\t\t<\/div>\n\t\t<\/section>\n\t\t\t\t<\/div>\n\t\t","protected":false},"excerpt":{"rendered":"<p>Kiriku hoone on aegade jooksul mitmel korral kannatada saanud, n\u00e4iteks 1627. aastal olid kirikust s\u00e4ilinud vaid v\u00e4lisseinad. Uuesti \u00fcles ehitamisel v\u00f5lvlage taastama ei hakatud, vaid kaeti kirikusaal laudlaega. P\u00f5hjalikud juurdeehitused teostati kirikus 1835. aastal, mil ehitati kirikule ligi 33 meetri k\u00f5rgune torn. \u00dcmberehitusi tehti ka \u00f5petaja Assmuthi ajal, 1876. aastal.\u200b Altar on gooti stiilis, valmistatud [&hellip;]<\/p>\n","protected":false},"author":1,"featured_media":0,"parent":109,"menu_order":0,"comment_status":"closed","ping_status":"closed","template":"","meta":{"ngg_post_thumbnail":0,"footnotes":""},"_links":{"self":[{"href":"https:\/\/rannu.eelk.ee\/index.php?rest_route=\/wp\/v2\/pages\/121"}],"collection":[{"href":"https:\/\/rannu.eelk.ee\/index.php?rest_route=\/wp\/v2\/pages"}],"about":[{"href":"https:\/\/rannu.eelk.ee\/index.php?rest_route=\/wp\/v2\/types\/page"}],"author":[{"embeddable":true,"href":"https:\/\/rannu.eelk.ee\/index.php?rest_route=\/wp\/v2\/users\/1"}],"replies":[{"embeddable":true,"href":"https:\/\/rannu.eelk.ee\/index.php?rest_route=%2Fwp%2Fv2%2Fcomments&post=121"}],"version-history":[{"count":21,"href":"https:\/\/rannu.eelk.ee\/index.php?rest_route=\/wp\/v2\/pages\/121\/revisions"}],"predecessor-version":[{"id":1124,"href":"https:\/\/rannu.eelk.ee\/index.php?rest_route=\/wp\/v2\/pages\/121\/revisions\/1124"}],"up":[{"embeddable":true,"href":"https:\/\/rannu.eelk.ee\/index.php?rest_route=\/wp\/v2\/pages\/109"}],"wp:attachment":[{"href":"https:\/\/rannu.eelk.ee\/index.php?rest_route=%2Fwp%2Fv2%2Fmedia&parent=121"}],"curies":[{"name":"wp","href":"https:\/\/api.w.org\/{rel}","templated":true}]}}